3, 4397
What are the prime factors of 803973179?
6029, 133351
List the prime factors of 401097062.
2, 79, 2538589
List the prime factors of 15540938.
2, 7, 158581
What are the prime factors of 108392057?
108392057
What are the prime factors of 3763102083?
3, 13, 239, 487, 829
What are the prime factors of 541034862?
2, 3, 1291, 69847
What are the prime factors of 1030041675?
3, 5, 13, 157, 2243
List the prime factors of 4681144.
2, 13, 19, 23, 103
List the prime factors of 10704129.
3, 3568043
List the prime factors of 3256321479.
3, 19, 313, 182519
List the prime factors of 1628304821.
11, 13, 11386747
List the prime factors of 74102480.
2, 5, 53, 17477
What are the prime factors of 111865114?
2, 55932557
List the prime factors of 60980013.
3, 2258519
List the prime factors of 1847017804.
2, 311, 1484741
List the prime factors of 2772692535.
3, 5, 103, 1794623
What are the prime factors of 110283116?
2, 27570779
List the prime factors of 377222795.
5, 75444559
What are the prime factors of 102658335?
3, 5, 13, 526453
What are the prime factors of 61912541?
73, 643, 1319
What are the prime factors of 1817803045?
5, 23, 15806983
What are the prime factors of 530217468?
2, 3, 11, 263, 1697
What are the prime factors of 301685615?
5, 7, 11, 783599
What are the prime factors of 195709125?
3, 5, 43, 53, 229
What are the prime factors of 57477632?
2, 112261
List the prime factors of 5071623.
3, 53, 167, 191
What are the prime factors of 47728782?
2, 3, 47, 56417
List the prime factors of 593121731.
677, 876103
List the prime factors of 1807988912.
2, 3259, 34673
List the prime factors of 2018757508.
2, 41, 401, 30697
What are the prime factors of 91923870?
2, 3, 5, 23, 127, 1049
List the prime factors of 27502147.
27502147
List the prime factors of 1256651352.
2, 3, 11, 881, 1801
List the prime factors of 1687337893.
881, 1915253
List the prime factors of 30201400.
2, 5, 151007
List the prime factors of 127174025.
5, 11, 17, 2473
List the prime factors of 58534100.
2, 5, 585341
List the prime factors of 34069708.
2, 137, 62171
List the prime factors of 3162013755.
3, 5, 71, 157, 18911
What are the prime factors of 331778604?
2, 3, 27648217
What are the prime factors of 1307873489?
13, 61, 263, 6271
List the prime factors of 19709321.
23, 856927
List the prime factors of 47942459.
47942459
What are the prime factors of 299875214?
2, 19, 31, 277, 919
List the prime factors of 392460729.
3, 467, 280129
List the prime factors of 22447857.
3, 71, 105389
List the prime factors of 45329688.
2, 3, 23, 31, 883
What are the prime factors of 73334012?
2, 941, 19483
List the prime factors of 679230311.
139, 211, 23159
What are the prime factors of 80912364?
2, 3, 13, 59, 149
List the prime factors of 812366691.
3, 270788897
List the prime factors of 1241272357.
13, 17, 43, 130619
List the prime factors of 986932695.
3, 5, 7, 1297, 7247
What are the prime factors of 199734496?
2, 13, 17, 61, 463
List the prime factors of 240122347.
240122347
What are the prime factors of 126363024?
2, 3, 53, 5519
List the prime factors of 3895991093.
41, 73, 1301701
List the prime factors of 588112010.
2, 5, 269, 218629
What are the prime factors of 316392925?
5, 43, 294319
List the prime factors of 62998653.
3, 20999551
What are the prime factors of 162762890?
2, 5, 16276289
List the prime factors of 42836021.
41, 1044781
List the prime factors of 4508908505.
5, 2399, 375899
What are the prime factors of 74852812?
2, 607, 30829
List the prime factors of 71412710.
2, 5, 89, 80239
List the prime factors of 1206643553.
1206643553
List the prime factors of 3368919418.
2, 8663, 194443
List the prime factors of 63741814.
2, 31870907
What are the prime factors of 2169600253?
19, 163, 36871
What are the prime factors of 33929831?
13, 137, 19051
What are the prime factors of 1524652547?
11, 138604777
List the prime factors of 393756438.
2, 3, 3271, 20063
What are the prime factors of 89040249?
3, 3297787
What are the prime factors of 16911167?
7, 13, 83, 2239
List the prime factors of 120967776.
2, 3, 140009
What are the prime factors of 1916881550?
2, 5, 277, 138403
List the prime factors of 45482872.
2, 1523, 3733
List the prime factors of 6172444839.
3, 11, 187043783
List the prime factors of 12276966.
2, 3, 13, 107, 1471
List the prime factors of 160150443.
3, 677, 78853
List the prime factors of 1027136746.
2, 513568373
List the prime factors of 117620250.
2, 3, 5, 11, 53, 269
List the prime factors of 1229664105.
3, 5, 37, 173, 1423
What are the prime factors of 1275913685?
5, 3557, 71741
What are the prime factors of 208825555?
5, 71, 588241
List the prime factors of 266540433.
3, 17, 5226283
List the prime factors of 1695885320.
2, 5, 17, 2493949
List the prime factors of 81105140.
2, 5, 4055257
List the prime factors of 228552299.
61, 1423, 2633
List the prime factors of 252841207.
103, 239, 10271
What are the prime factors of 33597637?
33597637
List the prime factors of 1961289483.
3, 653763161
What are the prime factors of 438461212?
2, 7, 17, 131591
What are the prime factors of 617361646?
2, 11, 28061893
What are the prime factors of 676765888?
2, 10574467
List the prime factors of 127803727.
379, 337213
What are the prime factors of 6250132565?
5, 1250026513
What are the prime factors of 53019452?
2, 127, 104369
List the prime factors of 193280387.
4877, 39631
List the prime factors of 4263759462.
2, 3, 710626577
List the prime factors of 4632967259.
17657, 262387
List the prime factors of 760099793.
337, 2255489
What are the prime factors of 74383043?
7, 19, 31, 18041
List the prime factors of 75053173.
13, 19, 303859
What are the prime factors of 1176253486?
2, 53, 461, 24071
List the prime factors of 1323367023.
3, 11, 17, 83, 97, 293
List the prime factors of 1963387311.
3, 654462437
List the prime factors of 1627496492.
2, 406874123
List the prime factors of 1439860564.
2, 3181, 113161
List the prime factors of 586939073.
7, 1607, 52177
What are the prime factors of 61192082?
2, 7, 83, 7523
List the prime factors of 4710759459.
3, 7, 224321879
List the prime factors of 27081329.
11, 239, 10301
What are the prime factors of 324352186?
2, 5101, 31793
What are the prime factors of 7438119?
3, 13, 269, 709
List the prime factors of 52468305.
3, 5, 173, 20219
What are the prime factors of 27661982?
2, 31, 503, 887
What are the prime factors of 878667224?
2, 31, 1601, 2213
List the prime factors of 9504757269.
3, 7, 131, 383891
What are the prime factors of 155953812?
2, 3, 7, 941, 1973
What are the prime factors of 50801920?
2, 5, 13, 43, 71
List the prime factors of 902846590.
2, 5, 337, 267907
What are the prime factors of 71790098?
2, 41, 67, 73, 179
List the prime factors of 1425308237.
17, 19, 4412719
List the prime factors of 4827095611.
13, 2741, 135467
What are the prime factors of 370597814?
2, 61, 3037687
List the prime factors of 1669773.
3, 7, 37, 307
List the prime factors of 62614682.
2, 13, 2408257
List the prime factors of 2440693180.
2, 5, 122034659
List the prime factors of 116790737.
7, 449, 37159
What are the prime factors of 1321455004?
2, 330363751
What are the prime factors of 229470533?
29, 181, 43717
What are the prime factors of 5274488727?
3, 586054303
List the prime factors of 139410254.
2, 61, 1142707
What are the prime factors of 483407894?
2, 241703947
List the prime factors of 2669928795.
3, 5, 17, 53, 65851
What are the prime factors of 1833735140?
2, 5, 373, 409, 601
What are the prime factors of 195408703?
7, 27915529
What are the prime factors of 82020442?
2, 7, 89, 65827
List the prime factors of 376109216.
2, 7, 1679059
What are the prime factors of 76441985?
5, 15288397
What are the prime factors of 1317194465?
5, 2657, 99149
What are the prime factors of 594802879?
11, 227, 238207
What are the prime factors of 111810541?
467, 239423
List the prime factors of 145327892.
2, 23, 1579651
List the prime factors of 185375198.
2, 67, 101, 13697
List the prime factors of 889424764.
2, 59, 1381, 2729
What are the prime factors of 6362984012?
2, 7, 11, 41, 503879
What are the prime factors of 59087000?
2, 5, 7, 23, 367
What are the prime factors of 1925470993?
1925470993
List the prime factors of 328181221.
31, 3209, 3299
List the prime f